of 1953 and 84?
21
What is the highest common divisor of 325 and 1235?
65
Calculate the greatest common factor of 195 and 312.
39
Calculate the highest common factor of 2316 and 3.
3
Calculate the greatest common divisor of 31709 and 148.
37
What is the greatest common divisor of 784 and 184?
8
What is the greatest common factor of 33034 and 332?
166
What is the highest common factor of 2679 and 423?
141
Calculate the greatest common divisor of 21 and 1043.
7
Calculate the highest common factor of 153 and 1.
1
Calculate the highest common divisor of 19620 and 3.
3
Calculate the greatest common divisor of 490 and 50.
10
What is the highest common divisor of 456 and 48?
24
Calculate the highest common divisor of 24 and 1044.
12
Calculate the highest common divisor of 2390 and 120.
10
Calculate the greatest common factor of 589 and 31.
31
Calculate the greatest common factor of 1206 and 134.
134
What is the highest common divisor of 1085 and 868?
217
Calculate the highest common divisor of 101738 and 14.
14
Calculate the greatest common factor of 2077 and 31.
31
What is the highest common divisor of 1593 and 405?
27
What is the highest common factor of 93 and 372?
93
What is the greatest common factor of 26 and 26?
26
What is the greatest common factor of 24 and 456?
24
Calculate the highest common factor of 214 and 10379.
107
Calculate the greatest common divisor of 78 and 494.
26
Calculate the highest common factor of 15 and 27.
3
Calculate the highest common divisor of 64 and 512.
64
Calculate the highest common factor of 3357 and 45.
9
What is the highest common divisor of 5984 and 66?
22
What is the greatest common factor of 2907 and 114?
57
What is the greatest common divisor of 86 and 2?
2
What is the highest common factor of 40 and 6656?
8
Calculate the highest common factor of 341 and 407.
11
Calculate the greatest common divisor of 75 and 100.
25
Calculate the greatest common factor of 23 and 13.
1
What is the highest common factor of 3270 and 30?
30
Calculate the greatest common divisor of 515 and 50.
5
What is the greatest common divisor of 688 and 43?
43
Calculate the greatest common divisor of 210 and 75.
15
Calculate the highest common factor of 161 and 92.
23
What is the greatest common factor of 25 and 28300?
25
Calculate the greatest common divisor of 960 and 15.
15
What is the greatest common factor of 44 and 352?
44
Calculate the highest common divisor of 68 and 221.
17
What is the greatest common factor of 197 and 1?
1
What is the highest common divisor of 70 and 735?
35
Calculate the greatest common divisor of 7638 and 418.
38
What is the greatest common factor of 4 and 14?
2
Calculate the greatest common divisor of 114 and 190.
38
What is the highest common divisor of 170 and 34?
34
Calculate the highest common divisor of 718 and 2.
2
What is the highest common factor of 1272 and 1060?
212
What is the highest common divisor of 24 and 378?
6
What is the highest common factor of 1207 and 85?
17
What is the highest common factor of 245 and 1764?
49
Calculate the highest common divisor of 11685 and 1025.
205
Calculate the greatest common divisor of 413 and 7.
7
Calculate the greatest common divisor of 127 and 127.
127
What is the highest common divisor of 442 and 170?
34
What is the greatest common divisor of 12 and 11964?
12
Calculate the greatest common divisor of 310 and 31.
31
Calculate the greatest common divisor of 312 and 975.
39
Calculate the highest common divisor of 1853 and 51.
17
What is the greatest common factor of 49 and 28?
7
Calculate the highest common factor of 154 and 2134.
22
What is the highest common factor of 798 and 252?
42
What is the greatest common factor of 9950 and 3184?
398
What is the highest common factor of 66 and 12?
6
What is the highest common factor of 9979 and 17?
17
Calculate the highest common divisor of 8 and 128.
8
Calculate the greatest common divisor of 138 and 598.
46
What is the highest common factor of 5772 and 12?
12
What is the highest common factor of 36 and 1056?
12
What is the highest common factor of 20 and 28?
4
What is the greatest common factor of 1242 and 138?
138
What is the greatest common divisor of 15 and 30?
15
Calculate the greatest common divisor of 36 and 180.
36
Calculate the greatest common factor of 72 and 2088.
72
What is the highest common factor of 5321 and 313?
313
What is the greatest common divisor of 148 and 12?
4
Calculate the highest common divisor of 38 and 458.
2
What is the highest common divisor of 11 and 121?
11
What is the greatest common divisor of 112 and 1141?
7
Calculate the greatest common divisor of 4536 and 54.
54
What is the highest common divisor of 225 and 825?
75
What is the highest common factor of 1647 and 108?
27
Calculate the greatest common factor of 2501 and 41.
41
Calculate the highest common factor of 15 and 705.
15
Calculate the greatest common divisor of 2970 and 10.
10
What is the greatest common divisor of 198 and 6336?
198
What is the greatest common factor of 141 and 12?
3
Calculate the greatest common divisor of 192 and 60.
12
What is the highest common divisor of 128 and 208?
16
What is the greatest common factor of 46552 and 88?
88
What is the greatest common factor of 60 and 860?
20
Calculate the highest common factor of 171 and 1425.
57
Calculate the highest common factor of 901 and 51.
17
Calculate the greatest common factor of 1818 and 18.
18
Calculate the highest common factor of 1692 and 900.
36
What is the greatest common divisor of 6049 and 23?
23
Calculate the highest common factor of 230 and 92.
46
Calculate the greatest common divisor of 212 and 1166.
106
Calculate the greatest common divisor of 154 and 5544.
154
What is the highest common factor of 5529 and 57?
57
Calculate the greatest common divisor of 972 and 12.
12
What is the highest common divisor of 40608 and 32?
32
Calculate the highest common factor of 180 and 3810.
30
What is the greatest common factor of 4720 and 10?
10
What is the greatest common divisor of 45 and 315?
45
Calculate the highest common divisor of 12 and 480.
12
What is the highest common factor of 20 and 40?
20
Calculate the highest common factor of 32 and 794.
2
Calculate the greatest common divisor of 68 and 276.
4
What is the highest common divisor of 297 and 243?
27
Calculate the highest common divisor of 27 and 3726.
27
What is the highest common factor of 279 and 310?
31
What is the greatest common factor of 31 and 496?
31
Calculate the highest common divisor of 32 and 1328.
16
Calculate the highest common divisor of 1305 and 15.
15
Calculate the highest common divisor of 122 and 3965.
61
Calculate the highest common divisor of 200 and 8.
8
Calculate the greatest common divisor of 247 and 532.
19
What is the highest common divisor of 26 and 30?
2
Calculate the highest common divisor of 308 and 132.
44
What is the greatest common divisor of 2530 and 330?
110
What is the highest common factor of 52 and 65?
13
What is the highest common factor of 208 and 3354?
26
What is the highest common factor of 36 and 981?
9
What is the highest common divisor of 4498 and 1211?
173
Calculate the highest common factor of 200 and 760.
40
What is the greatest common factor of 392 and 168?
56
Calculate the greatest common factor of 36 and 18.
18
Calculate the greatest common divisor of 165 and 45.
15
What is the greatest common divisor of 125 and 10?
5
Calculate the highest common factor of 1215 and 54.
27
Calculate the greatest common divisor of 1737 and 9.
9
What is the greatest common factor of 244 and 2?
2
What is the highest common factor of 32 and 208?
16
What is the greatest common divisor of 1288 and 1656?
184
Calculate the greatest common factor of 90 and 14895.
45
Calculate the greatest common divisor of 246 and 21.
3
What is the highest common factor of 9 and 63?
9
Calculate the greatest common factor of 355 and 284.
71
Calculate the highest common factor of 6 and 3.
3
What is the highest common factor of 11033 and 68?
17
What is the greatest common factor of 20 and 20?
20
Calculate the greatest common divisor of 1120 and 28.
28
What is the greatest common divisor of 171 and 126?
9
Calculate the greatest common factor of 40 and 790.
10
Calculate the highest common factor of 413